{"id":41600,"date":"2019-11-17T16:17:17","date_gmt":"2019-11-17T16:17:17","guid":{"rendered":"https:\/\/www.campericeland.is\/vue-densemble-de-camper-iceland\/motor-home-2\/"},"modified":"2026-04-07T06:27:35","modified_gmt":"2026-04-07T06:27:35","slug":"motor-home-2","status":"publish","type":"page","link":"https:\/\/www.camper.is\/fr\/vue-densemble-de-camper-iceland\/motor-home-2\/","title":{"rendered":"Camping-car 2 IDUNN"},"content":{"rendered":"","protected":false},"excerpt":{"rendered":"<p>D\u00e9couvrez le meilleur moyen d&rsquo;explorer l&rsquo;Islande avec le camping-car IDUNN de Camper Iceland. Ce camping-car spacieux et confortable est votre parfaite maison sur roues, offrant la libert\u00e9 de voyager sur la route p\u00e9riph\u00e9rique de l&rsquo;Islande et d&rsquo;explorer ses paysages \u00e9poustouflants avec tous les \u00e9quipements dont vous avez besoin. Id\u00e9al pour un voyage m\u00e9morable, nos locations de camping-cars constituent une base confortable et fiable pour votre aventure.  <\/p>\n","protected":false},"author":1,"featured_media":38555,"parent":41589,"menu_order":0,"comment_status":"closed","ping_status":"closed","template":"","meta":{"_acf_changed":false,"jetpack_post_was_ever_published":false,"footnotes":""},"class_list":["post-41600","page","type-page","status-publish","has-post-thumbnail","hentry"],"acf":[],"jetpack_sharing_enabled":true,"jetpack_shortlink":"https:\/\/wp.me\/P569lP-aOY","jetpack-related-posts":[{"id":41588,"url":"https:\/\/www.camper.is\/fr\/vue-densemble-de-camper-iceland\/motor-home-4\/","url_meta":{"origin":41600,"position":0},"title":"Camping-car 4 SIF","author":"admin","date":"17 novembre 2019","format":false,"excerpt":"Explorez l'Islande avec le camping-car SIF de Camper Iceland. Ce camping-car spacieux et confortable est votre maison sur roues id\u00e9ale, vous offrant la libert\u00e9 de voyager sur la route p\u00e9riph\u00e9rique de l'Islande et d'explorer ses paysages \u00e9poustouflants avec tous les \u00e9quipements dont vous avez besoin. Id\u00e9al pour une famille de\u2026","rel":"","context":"Article similaire","block_context":{"text":"Article similaire","link":""},"img":{"alt_text":"","src":"https:\/\/i0.wp.com\/www.camper.is\/wp-content\/uploads\/2019\/08\/MOTOR_HOME_4.jpg?fit=800%2C800&quality=80&ssl=1&resize=350%2C200","width":350,"height":200,"srcset":"https:\/\/i0.wp.com\/www.camper.is\/wp-content\/uploads\/2019\/08\/MOTOR_HOME_4.jpg?fit=800%2C800&quality=80&ssl=1&resize=350%2C200 1x, https:\/\/i0.wp.com\/www.camper.is\/wp-content\/uploads\/2019\/08\/MOTOR_HOME_4.jpg?fit=800%2C800&quality=80&ssl=1&resize=525%2C300 1.5x, https:\/\/i0.wp.com\/www.camper.is\/wp-content\/uploads\/2019\/08\/MOTOR_HOME_4.jpg?fit=800%2C800&quality=80&ssl=1&resize=700%2C400 2x"},"classes":[]},{"id":41615,"url":"https:\/\/www.camper.is\/fr\/vue-densemble-de-camper-iceland\/camping-car-6-plus\/","url_meta":{"origin":41600,"position":1},"title":"Camping-car 6 FRIGG","author":"admin","date":"17 novembre 2019","format":false,"excerpt":"Partez \u00e0 la d\u00e9couverte de la nature islandaise dans le camping-car 6 FRIGG, un v\u00e9hicule spacieux et bien \u00e9quip\u00e9, parfait pour les familles ou les groupes jusqu'\u00e0 six personnes. Propuls\u00e9 par un moteur diesel \u00e9conome en carburant, ce camping-car vous offre la libert\u00e9 d'explorer l'Islande \u00e0 votre propre rythme, avec\u2026","rel":"","context":"Article similaire","block_context":{"text":"Article similaire","link":""},"img":{"alt_text":"","src":"https:\/\/i0.wp.com\/www.camper.is\/wp-content\/uploads\/2019\/11\/MOTOR_HOME_6_PLUS.jpg?fit=800%2C800&quality=80&ssl=1&resize=350%2C200","width":350,"height":200,"srcset":"https:\/\/i0.wp.com\/www.camper.is\/wp-content\/uploads\/2019\/11\/MOTOR_HOME_6_PLUS.jpg?fit=800%2C800&quality=80&ssl=1&resize=350%2C200 1x, https:\/\/i0.wp.com\/www.camper.is\/wp-content\/uploads\/2019\/11\/MOTOR_HOME_6_PLUS.jpg?fit=800%2C800&quality=80&ssl=1&resize=525%2C300 1.5x, https:\/\/i0.wp.com\/www.camper.is\/wp-content\/uploads\/2019\/11\/MOTOR_HOME_6_PLUS.jpg?fit=800%2C800&quality=80&ssl=1&resize=700%2C400 2x"},"classes":[]},{"id":68246,"url":"https:\/\/www.camper.is\/fr\/vue-densemble-de-camper-iceland\/camping-car-5-hel\/","url_meta":{"origin":41600,"position":2},"title":"Camping-car 5 HEL","author":"admin","date":"8 octobre 2024","format":false,"excerpt":"","rel":"","context":"Article similaire","block_context":{"text":"Article similaire","link":""},"img":{"alt_text":"","src":"https:\/\/i0.wp.com\/www.camper.is\/wp-content\/uploads\/2024\/08\/MH5_HEL.jpeg?fit=800%2C800&quality=80&ssl=1&resize=350%2C200","width":350,"height":200,"srcset":"https:\/\/i0.wp.com\/www.camper.is\/wp-content\/uploads\/2024\/08\/MH5_HEL.jpeg?fit=800%2C800&quality=80&ssl=1&resize=350%2C200 1x, https:\/\/i0.wp.com\/www.camper.is\/wp-content\/uploads\/2024\/08\/MH5_HEL.jpeg?fit=800%2C800&quality=80&ssl=1&resize=525%2C300 1.5x, https:\/\/i0.wp.com\/www.camper.is\/wp-content\/uploads\/2024\/08\/MH5_HEL.jpeg?fit=800%2C800&quality=80&ssl=1&resize=700%2C400 2x"},"classes":[]},{"id":41589,"url":"https:\/\/www.camper.is\/fr\/vue-densemble-de-camper-iceland\/","url_meta":{"origin":41600,"position":3},"title":"NOTRE FLOTTE","author":"admin","date":"17 novembre 2019","format":false,"excerpt":"Trouvez votre maison sur roues id\u00e9ale avec Camper Iceland ! Choisissez parmi notre flotte diversifi\u00e9e de v\u00e9hicules, y compris le Loki compact et durable, les campeurs 4x4 robustes pour les Highlands, et les camping-cars spacieux pour un confort ultime. Commencez votre voyage \u00e0 Keflavik (KEF) et explorez les paysages \u00e9poustouflants\u2026","rel":"","context":"Article similaire","block_context":{"text":"Article similaire","link":""},"img":{"alt_text":"","src":"","width":0,"height":0},"classes":[]},{"id":41598,"url":"https:\/\/www.camper.is\/fr\/vue-densemble-de-camper-iceland\/motor-home-6-annonces\/","url_meta":{"origin":41600,"position":4},"title":"Camping-car 6 FREYJA","author":"admin","date":"17 novembre 2019","format":false,"excerpt":"Partez pour une aventure islandaise inoubliable avec le Motor Home 6, un v\u00e9hicule spacieux et polyvalent qui vous donne la libert\u00e9 d'explorer \u00e0 votre propre rythme. Id\u00e9al pour six personnes, ce camping-car est votre sanctuaire mobile, vous permettant de profiter du beau temps et de rester plus longtemps dans les\u2026","rel":"","context":"Article similaire","block_context":{"text":"Article similaire","link":""},"img":{"alt_text":"","src":"https:\/\/i0.wp.com\/www.camper.is\/wp-content\/uploads\/2019\/08\/MOTOR_HOME_6.jpg?fit=800%2C800&quality=80&ssl=1&resize=350%2C200","width":350,"height":200,"srcset":"https:\/\/i0.wp.com\/www.camper.is\/wp-content\/uploads\/2019\/08\/MOTOR_HOME_6.jpg?fit=800%2C800&quality=80&ssl=1&resize=350%2C200 1x, https:\/\/i0.wp.com\/www.camper.is\/wp-content\/uploads\/2019\/08\/MOTOR_HOME_6.jpg?fit=800%2C800&quality=80&ssl=1&resize=525%2C300 1.5x, https:\/\/i0.wp.com\/www.camper.is\/wp-content\/uploads\/2019\/08\/MOTOR_HOME_6.jpg?fit=800%2C800&quality=80&ssl=1&resize=700%2C400 2x"},"classes":[]},{"id":72452,"url":"https:\/\/www.camper.is\/fr\/loki-e-le-camping-car-durable-pour-votre-aventure-islandaise\/","url_meta":{"origin":41600,"position":5},"title":"LOKI E Le camping-car durable pour votre aventure islandaise","author":"admin","date":"14 ao\u00fbt 2025","format":false,"excerpt":"","rel":"","context":"Article similaire","block_context":{"text":"Article similaire","link":""},"img":{"alt_text":"","src":"https:\/\/i0.wp.com\/www.camper.is\/wp-content\/uploads\/2025\/08\/Untitled-scaled.png?fit=1200%2C900&quality=72&ssl=1&resize=350%2C200","width":350,"height":200,"srcset":"https:\/\/i0.wp.com\/www.camper.is\/wp-content\/uploads\/2025\/08\/Untitled-scaled.png?fit=1200%2C900&quality=72&ssl=1&resize=350%2C200 1x, https:\/\/i0.wp.com\/www.camper.is\/wp-content\/uploads\/2025\/08\/Untitled-scaled.png?fit=1200%2C900&quality=72&ssl=1&resize=525%2C300 1.5x, https:\/\/i0.wp.com\/www.camper.is\/wp-content\/uploads\/2025\/08\/Untitled-scaled.png?fit=1200%2C900&quality=72&ssl=1&resize=700%2C400 2x, https:\/\/i0.wp.com\/www.camper.is\/wp-content\/uploads\/2025\/08\/Untitled-scaled.png?fit=1200%2C900&quality=72&ssl=1&resize=1050%2C600 3x"},"classes":[]}],"_links":{"self":[{"href":"https:\/\/www.camper.is\/fr\/wp-json\/wp\/v2\/pages\/41600","targetHints":{"allow":["GET"]}}],"collection":[{"href":"https:\/\/www.camper.is\/fr\/wp-json\/wp\/v2\/pages"}],"about":[{"href":"https:\/\/www.camper.is\/fr\/wp-json\/wp\/v2\/types\/page"}],"author":[{"embeddable":true,"href":"https:\/\/www.camper.is\/fr\/wp-json\/wp\/v2\/users\/1"}],"replies":[{"embeddable":true,"href":"https:\/\/www.camper.is\/fr\/wp-json\/wp\/v2\/comments?post=41600"}],"version-history":[{"count":51,"href":"https:\/\/www.camper.is\/fr\/wp-json\/wp\/v2\/pages\/41600\/revisions"}],"predecessor-version":[{"id":75821,"href":"https:\/\/www.camper.is\/fr\/wp-json\/wp\/v2\/pages\/41600\/revisions\/75821"}],"up":[{"embeddable":true,"href":"https:\/\/www.camper.is\/fr\/wp-json\/wp\/v2\/pages\/41589"}],"wp:featuredmedia":[{"embeddable":true,"href":"https:\/\/www.camper.is\/fr\/wp-json\/wp\/v2\/media\/38555"}],"wp:attachment":[{"href":"https:\/\/www.camper.is\/fr\/wp-json\/wp\/v2\/media?parent=41600"}],"curies":[{"name":"wp","href":"https:\/\/api.w.org\/{rel}","templated":true}]}}

<p>Découvrez le meilleur moyen d&rsquo;explorer l&rsquo;Islande avec le camping-car IDUNN de Camper Iceland. Ce camping-car spacieux et confortable est votre parfaite maison sur roues, offrant la liberté de voyager sur la route périphérique de l&rsquo;Islande et d&rsquo;explorer ses paysages époustouflants avec tous les équipements dont vous avez besoin. Idéal pour un voyage mémorable, nos locations de camping-cars constituent une base confortable et fiable pour votre aventure.  </p>

Explorez l'Islande avec le camping-car SIF de Camper Iceland. Ce camping-car spacieux et confortable est votre maison sur roues idéale, vous offrant la liberté de voyager sur la route périphérique de l'Islande et d'explorer ses paysages époustouflants avec tous les équipements dont vous avez besoin. Idéal pour une famille de…

Partez à la découverte de la nature islandaise dans le camping-car 6 FRIGG, un véhicule spacieux et bien équipé, parfait pour les familles ou les groupes jusqu'à six personnes. Propulsé par un moteur diesel économe en carburant, ce camping-car vous offre la liberté d'explorer l'Islande à votre propre rythme, avec…

Trouvez votre maison sur roues idéale avec Camper Iceland ! Choisissez parmi notre flotte diversifiée de véhicules, y compris le Loki compact et durable, les campeurs 4x4 robustes pour les Highlands, et les camping-cars spacieux pour un confort ultime. Commencez votre voyage à Keflavik (KEF) et explorez les paysages époustouflants…

Partez pour une aventure islandaise inoubliable avec le Motor Home 6, un véhicule spacieux et polyvalent qui vous donne la liberté d'explorer à votre propre rythme. Idéal pour six personnes, ce camping-car est votre sanctuaire mobile, vous permettant de profiter du beau temps et de rester plus longtemps dans les…

14 août 2025
