{"id":34383,"date":"2019-11-17T13:49:13","date_gmt":"2019-11-17T13:49:13","guid":{"rendered":"https:\/\/www.campericeland.is\/noticias-camper-iceland\/"},"modified":"2026-04-07T06:27:27","modified_gmt":"2026-04-07T06:27:27","slug":"noticias-camper-iceland","status":"publish","type":"page","link":"https:\/\/www.camper.is\/es\/vegvisir-wayfinder-para-viajeros\/noticias-camper-iceland\/","title":{"rendered":"Noticias - Camper Iceland"},"content":{"rendered":"","protected":false},"excerpt":{"rendered":"","protected":false},"author":1,"featured_media":34506,"parent":34167,"menu_order":0,"comment_status":"closed","ping_status":"closed","template":"page-template-blank.php","meta":{"_acf_changed":false,"jetpack_post_was_ever_published":false,"footnotes":""},"class_list":["post-34383","page","type-page","status-publish","has-post-thumbnail","hentry"],"acf":[],"jetpack_sharing_enabled":true,"jetpack_shortlink":"https:\/\/wp.me\/P569lP-8Wz","jetpack-related-posts":[{"id":75101,"url":"https:\/\/www.camper.is\/es\/noticias-de-viajes-y-despachos-semanales-sobre-islandia-camper-iceland\/","url_meta":{"origin":34383,"position":0},"title":"Noticias de viajes y despachos semanales sobre Islandia | Camper Iceland","author":"admin","date":"26 de marzo de 2026","format":false,"excerpt":"Adel\u00e1ntate a la tormenta con actualizaciones semanales desde el coraz\u00f3n de Islandia. Desde 1987, hemos proporcionado informes expertos sobre carreteras, alertas meteorol\u00f3gicas y las condiciones de las carreteras Highland F. Recibe las \u00faltimas noticias sobre la flota y consejos de viaje para tu expedici\u00f3n de 2026. Informaci\u00f3n en tiempo real\u2026","rel":"","context":"Entrada similar","block_context":{"text":"Entrada similar","link":""},"img":{"alt_text":"","src":"https:\/\/i0.wp.com\/www.camper.is\/wp-content\/uploads\/2026\/03\/family_badging_camper_iceland-scaled.png?fit=1200%2C654&quality=72&ssl=1&resize=350%2C200","width":350,"height":200,"srcset":"https:\/\/i0.wp.com\/www.camper.is\/wp-content\/uploads\/2026\/03\/family_badging_camper_iceland-scaled.png?fit=1200%2C654&quality=72&ssl=1&resize=350%2C200 1x, https:\/\/i0.wp.com\/www.camper.is\/wp-content\/uploads\/2026\/03\/family_badging_camper_iceland-scaled.png?fit=1200%2C654&quality=72&ssl=1&resize=525%2C300 1.5x, https:\/\/i0.wp.com\/www.camper.is\/wp-content\/uploads\/2026\/03\/family_badging_camper_iceland-scaled.png?fit=1200%2C654&quality=72&ssl=1&resize=700%2C400 2x, https:\/\/i0.wp.com\/www.camper.is\/wp-content\/uploads\/2026\/03\/family_badging_camper_iceland-scaled.png?fit=1200%2C654&quality=72&ssl=1&resize=1050%2C600 3x"},"classes":[]},{"id":57948,"url":"https:\/\/www.camper.is\/camper-iceland-your-motor-home-4x4-rental-company-in-iceland\/camper-iceland-your-motor-home-4x4-rental-company-in-iceland-additional-information\/","url_meta":{"origin":34383,"position":1},"title":"Camper Iceland, your Motor home &#038; 4\u00d74 rental company in Iceland additional Information","author":"admin","date":"3 de agosto de 2023","format":false,"excerpt":"","rel":"","context":"Entrada similar","block_context":{"text":"Entrada similar","link":""},"img":{"alt_text":"","src":"","width":0,"height":0},"classes":[]},{"id":25586,"url":"https:\/\/www.camper.is\/camper-iceland-your-motor-home-4x4-rental-company-in-iceland\/","url_meta":{"origin":34383,"position":2},"title":"Camper Iceland, your Motor home &#038; 4&#215;4 rental company in Iceland","author":"admin","date":"23 de agosto de 2019","format":false,"excerpt":"Journey through Iceland with a family-run company that has been selling trips to Iceland since 1987. Camper Iceland offers a diverse fleet of motorhomes and 4x4 campers, providing a flexible and cost-effective way to explore the country's stunning landscapes. Enjoy the freedom to chase the good weather, save money by\u2026","rel":"","context":"Entrada similar","block_context":{"text":"Entrada similar","link":""},"img":{"alt_text":"Camper Iceland Logo","src":"https:\/\/i0.wp.com\/www.camper.is\/wp-content\/uploads\/2019\/11\/CamperIceland_new_whitebkgrd.png?fit=1200%2C316&quality=72&ssl=1&resize=350%2C200","width":350,"height":200,"srcset":"https:\/\/i0.wp.com\/www.camper.is\/wp-content\/uploads\/2019\/11\/CamperIceland_new_whitebkgrd.png?fit=1200%2C316&quality=72&ssl=1&resize=350%2C200 1x, https:\/\/i0.wp.com\/www.camper.is\/wp-content\/uploads\/2019\/11\/CamperIceland_new_whitebkgrd.png?fit=1200%2C316&quality=72&ssl=1&resize=525%2C300 1.5x, https:\/\/i0.wp.com\/www.camper.is\/wp-content\/uploads\/2019\/11\/CamperIceland_new_whitebkgrd.png?fit=1200%2C316&quality=72&ssl=1&resize=700%2C400 2x, https:\/\/i0.wp.com\/www.camper.is\/wp-content\/uploads\/2019\/11\/CamperIceland_new_whitebkgrd.png?fit=1200%2C316&quality=72&ssl=1&resize=1050%2C600 3x"},"classes":[]},{"id":26708,"url":"https:\/\/www.camper.is\/camper-iceland-overview\/freedom-camper\/","url_meta":{"origin":34383,"position":3},"title":"Camper LOKI","author":"admin","date":"12 de noviembre de 2019","format":false,"excerpt":"Explore Iceland your way with the Camper LOKI from Camper Iceland. Our versatile mini camper is your perfect solution for a flexible journey, offering a reliable vehicle for rent with the best rates. Start your adventure from Keflavik (KEF) near the airport and freely navigate Iceland's stunning Ring Road, all\u2026","rel":"","context":"Entrada similar","block_context":{"text":"Entrada similar","link":""},"img":{"alt_text":"","src":"https:\/\/i0.wp.com\/www.camper.is\/wp-content\/uploads\/2019\/08\/FREEDOM_CAMPER.jpg?fit=800%2C800&quality=80&ssl=1&resize=350%2C200","width":350,"height":200,"srcset":"https:\/\/i0.wp.com\/www.camper.is\/wp-content\/uploads\/2019\/08\/FREEDOM_CAMPER.jpg?fit=800%2C800&quality=80&ssl=1&resize=350%2C200 1x, https:\/\/i0.wp.com\/www.camper.is\/wp-content\/uploads\/2019\/08\/FREEDOM_CAMPER.jpg?fit=800%2C800&quality=80&ssl=1&resize=525%2C300 1.5x, https:\/\/i0.wp.com\/www.camper.is\/wp-content\/uploads\/2019\/08\/FREEDOM_CAMPER.jpg?fit=800%2C800&quality=80&ssl=1&resize=700%2C400 2x"},"classes":[]},{"id":58041,"url":"https:\/\/www.camper.is\/es\/camper-iceland-tu-empresa-de-alquiler-de-autocaravanas-y-4x4-en-islandia\/camper-iceland-su-empresa-de-alquiler-de-autocaravanas-y-4x4-en-islandia-informacion-adicional\/","url_meta":{"origin":34383,"position":4},"title":"Camper Iceland, su empresa de alquiler de autocaravanas y 4\u00d74 en Islandia Informaci\u00f3n adicional","author":"admin","date":"27 de agosto de 2023","format":false,"excerpt":"","rel":"","context":"Entrada similar","block_context":{"text":"Entrada similar","link":""},"img":{"alt_text":"","src":"","width":0,"height":0},"classes":[]},{"id":68107,"url":"https:\/\/www.camper.is\/camper-iceland-overview\/4x4-camper-tyr-a\/","url_meta":{"origin":34383,"position":5},"title":"4X4 CAMPER TYR A","author":"admin","date":"8 de agosto de 2024","format":false,"excerpt":"Journey through Iceland with the ultimate convenience in the 4x4 Camper TYR A. This premium vehicle adds a built-in toilet, a warm water system, and an automatic transmission to our popular 4x4 camper.","rel":"","context":"Entrada similar","block_context":{"text":"Entrada similar","link":""},"img":{"alt_text":"","src":"https:\/\/i0.wp.com\/www.camper.is\/wp-content\/uploads\/2025\/09\/ICONS-2026-TYR.jpeg?fit=1080%2C1080&quality=80&ssl=1&resize=350%2C200","width":350,"height":200,"srcset":"https:\/\/i0.wp.com\/www.camper.is\/wp-content\/uploads\/2025\/09\/ICONS-2026-TYR.jpeg?fit=1080%2C1080&quality=80&ssl=1&resize=350%2C200 1x, https:\/\/i0.wp.com\/www.camper.is\/wp-content\/uploads\/2025\/09\/ICONS-2026-TYR.jpeg?fit=1080%2C1080&quality=80&ssl=1&resize=525%2C300 1.5x, https:\/\/i0.wp.com\/www.camper.is\/wp-content\/uploads\/2025\/09\/ICONS-2026-TYR.jpeg?fit=1080%2C1080&quality=80&ssl=1&resize=700%2C400 2x, https:\/\/i0.wp.com\/www.camper.is\/wp-content\/uploads\/2025\/09\/ICONS-2026-TYR.jpeg?fit=1080%2C1080&quality=80&ssl=1&resize=1050%2C600 3x"},"classes":[]}],"_links":{"self":[{"href":"https:\/\/www.camper.is\/es\/wp-json\/wp\/v2\/pages\/34383","targetHints":{"allow":["GET"]}}],"collection":[{"href":"https:\/\/www.camper.is\/es\/wp-json\/wp\/v2\/pages"}],"about":[{"href":"https:\/\/www.camper.is\/es\/wp-json\/wp\/v2\/types\/page"}],"author":[{"embeddable":true,"href":"https:\/\/www.camper.is\/es\/wp-json\/wp\/v2\/users\/1"}],"replies":[{"embeddable":true,"href":"https:\/\/www.camper.is\/es\/wp-json\/wp\/v2\/comments?post=34383"}],"version-history":[{"count":43,"href":"https:\/\/www.camper.is\/es\/wp-json\/wp\/v2\/pages\/34383\/revisions"}],"predecessor-version":[{"id":75815,"href":"https:\/\/www.camper.is\/es\/wp-json\/wp\/v2\/pages\/34383\/revisions\/75815"}],"up":[{"embeddable":true,"href":"https:\/\/www.camper.is\/es\/wp-json\/wp\/v2\/pages\/34167"}],"wp:featuredmedia":[{"embeddable":true,"href":"https:\/\/www.camper.is\/es\/wp-json\/wp\/v2\/media\/34506"}],"wp:attachment":[{"href":"https:\/\/www.camper.is\/es\/wp-json\/wp\/v2\/media?parent=34383"}],"curies":[{"name":"wp","href":"https:\/\/api.w.org\/{rel}","templated":true}]}}

Adelántate a la tormenta con actualizaciones semanales desde el corazón de Islandia. Desde 1987, hemos proporcionado informes expertos sobre carreteras, alertas meteorológicas y las condiciones de las carreteras Highland F. Recibe las últimas noticias sobre la flota y consejos de viaje para tu expedición de 2026. Información en tiempo real…

Camper Iceland, su empresa de alquiler de autocaravanas y 4×4 en Islandia Información adicional
